5288?
17
Calculate the highest common divisor of 2375 and 1216.
19
What is the highest common divisor of 753119 and 1703?
131
What is the highest common divisor of 556 and 278417?
139
Calculate the greatest common divisor of 4620 and 9940.
140
Calculate the greatest common divisor of 297 and 64989.
27
Calculate the highest common factor of 988191 and 708.
177
Calculate the highest common divisor of 40981 and 321.
107
What is the greatest common factor of 96 and 10552?
8
Calculate the highest common divisor of 882235 and 505.
505
What is the greatest common divisor of 18809 and 7?
7
Calculate the highest common divisor of 284973 and 2067.
39
What is the highest common divisor of 2456 and 228101?
307
Calculate the highest common divisor of 32630 and 1040.
130
What is the highest common factor of 678 and 936657?
339
What is the highest common factor of 710 and 20164?
142
What is the highest common divisor of 100595 and 2065?
295
Calculate the highest common factor of 36 and 5132.
4
What is the greatest common divisor of 665 and 390488?
133
Calculate the highest common factor of 40 and 1487210.
10
What is the highest common divisor of 93240 and 560?
280
What is the highest common factor of 3604 and 2703?
901
What is the greatest common divisor of 16898 and 408?
34
What is the highest common factor of 88 and 6344?
8
What is the greatest common divisor of 246672 and 720?
144
What is the greatest common divisor of 6 and 5618706?
6
What is the greatest common factor of 12077 and 91?
13
Calculate the greatest common divisor of 16469 and 86.
43
Calculate the greatest common divisor of 543004 and 3612.
1204
Calculate the greatest common factor of 135 and 3181275.
135
What is the highest common divisor of 33887 and 16121?
329
What is the greatest common divisor of 447 and 237059?
149
Calculate the greatest common factor of 220 and 846010.
110
What is the greatest common factor of 297044 and 1256?
628
Calculate the highest common factor of 3113806 and 122.
122
Calculate the greatest common divisor of 148561 and 133.
133
Calculate the highest common divisor of 13459 and 1376.
43
Calculate the greatest common divisor of 105 and 7665.
105
What is the highest common factor of 1379402 and 314?
314
What is the highest common divisor of 484 and 1562?
22
Calculate the greatest common factor of 65 and 87139.
13
What is the greatest common factor of 2240 and 13304?
8
What is the greatest common divisor of 332949 and 1424?
89
What is the greatest common divisor of 64 and 329312?
32
Calculate the highest common divisor of 27024 and 12.
12
Calculate the highest common factor of 46335 and 2325.
15
What is the greatest common factor of 2350 and 89200?
50
What is the greatest common divisor of 74119 and 2407?
83
Calculate the highest common divisor of 1670 and 490.
10
What is the greatest common divisor of 9570 and 29029?
319
Calculate the highest common divisor of 411648 and 1056.
96
What is the highest common divisor of 65490 and 118?
118
What is the greatest common factor of 386 and 5498?
2
Calculate the highest common factor of 174 and 5245665.
87
Calculate the greatest common divisor of 208 and 9347.
13
What is the greatest common divisor of 30 and 3511110?
30
What is the highest common factor of 331492 and 14?
14
What is the highest common factor of 38156 and 20?
4
What is the greatest common factor of 316 and 732172?
316
What is the highest common divisor of 2891763 and 14?
7
Calculate the greatest common divisor of 8 and 25717.
1
What is the greatest common factor of 27640 and 70?
10
Calculate the highest common divisor of 150 and 1096350.
150
What is the greatest common factor of 860 and 4780?
20
What is the highest common divisor of 6 and 4975008?
6
Calculate the highest common factor of 2603 and 1121.
19
Calculate the greatest common factor of 336 and 707.
7
Calculate the greatest common factor of 324567 and 1620.
81
Calculate the greatest common divisor of 31212 and 84.
12
What is the greatest common divisor of 12027 and 2337?
57
What is the greatest common divisor of 71 and 1675529?
71
What is the highest common factor of 386 and 3860?
386
What is the greatest common divisor of 3429 and 5697?
27
Calculate the highest common factor of 967153 and 11.
11
What is the highest common divisor of 77400 and 4455?
45
What is the greatest common divisor of 9004828 and 98?
98
Calculate the greatest common factor of 22053 and 6.
3
Calculate the highest common factor of 378 and 36.
18
Calculate the greatest common factor of 36 and 246762.
18
What is the greatest common factor of 264 and 435402?
66
Calculate the highest common divisor of 78 and 195456.
6
What is the highest common factor of 7728 and 11868?
276
What is the greatest common factor of 26494 and 52?
26
What is the greatest common factor of 20803 and 36625?
293
What is the greatest common divisor of 1608928 and 32?
32
What is the greatest common divisor of 4563 and 216?
27
What is the highest common factor of 42 and 170709?
21
Calculate the greatest common factor of 78 and 315822.
78
What is the highest common factor of 85 and 306?
17
Calculate the highest common divisor of 10178 and 42.
14
What is the highest common factor of 424182 and 726?
66
Calculate the highest common divisor of 32 and 413472.
32
Calculate the highest common divisor of 24957 and 18612.
423
What is the highest common divisor of 16915 and 41395?
85
Calculate the highest common divisor of 2147918 and 642.
214
What is the greatest common divisor of 342 and 147497?
19
What is the greatest common factor of 198 and 150489?
9
What is the greatest common factor of 247 and 6123?
13
Calculate the highest common divisor of 2748 and 516.
12
Calculate the greatest common factor of 60 and 582384.
12
What is the greatest common divisor of 15 and 96405?
15
Calculate the greatest common factor of 294 and 37814.
14
What is the greatest common divisor of 166482 and 54?
54
What is the greatest common factor of 10 and 326780?
10
Calculate the highest common divisor of 1497 and 9.
3
Calculate the highest common factor of 564 and 420.
12
What is the greatest common divisor of 76626 and 648?
162
Calculate the greatest common divisor of 2806 and 421510.
122
Calculate the greatest common factor of 16864 and 372.
124
Calculate the highest common divisor of 19 and 2621.
1
Calculate the highest common divisor of 418 and 179531.
209
What is the greatest common divisor of 5901 and 6951?
21
Calculate the highest common factor of 3474 and 1746.
18
What is the greatest common factor of 78732 and 33372?
324
What is the greatest common divisor of 90 and 693666?
18
Calculate the greatest common factor of 11274 and 5.
1
Calculate the greatest common divisor of 2337 and 18450.
123
What is the highest common factor of 118 and 116230?
118
What is the highest common factor of 11907906 and 372?
186
Calculate the highest common factor of 56357 and 14938.
679
What is the highest common factor of 438696 and 162?
162
Calculate the greatest common factor of 30 and 4650.
30
What is the greatest common factor of 94751 and 41?
41
Calculate the highest common divisor of 83 and 5809751.
83
What is the greatest common factor of 88 and 64636?
44
Calculate the highest common factor of 704 and 2321.
11
Calculate the greatest common factor of 6328 and 196.
28
Calculate the greatest common divisor of 7826 and 2401.
7
What is the highest common divisor of 39 and 4069?
13
What is the highest common factor of 40 and 94100?
20
Calculate the greatest common factor of 5684 and 1972.
116
What is the greatest common factor of 24952 and 88?
8
What is the highest common factor of 60 and 149385?
15
What is the highest common divisor of 233472 and 2850?
114
Calculate the greatest common divisor of 180190 and 5846.
74
What is the highest common divisor of 3857 and 475223?
203
What is the greatest common divisor of 10 and 19330?
10
Calculate the greatest common factor of 67288 and 6968.
104
Calculate the highest common factor of 55215 and 375.
15
What is the highest common factor of 767972 and 1628?
148
Calculate the greatest common divisor of 96 and 92696.
8
Calculate the highest common divisor of 455 and 39260.
65
What is the highest common factor of 241 and 29?
1
Calculate the highest common factor of 307